 is divided by 198.
185
Calculate the remainder when 58917642 is divided by 193.
146
Calculate the remainder when 18261184 is divided by 55.
29
Calculate the remainder when 98026 is divided by 97722.
304
Calculate the remainder when 3170115 is divided by 7584.
3
What is the remainder when 68130383 is divided by 3026?
3019
Calculate the remainder when 116375761 is divided by 29093936.
17
What is the remainder when 70633978 is divided by 255?
253
Calculate the remainder when 5825 is divided by 17.
11
What is the remainder when 38705 is divided by 4298?
23
Calculate the remainder when 46619026 is divided by 3676.
3670
What is the remainder when 7783274 is divided by 15?
14
What is the remainder when 5718335 is divided by 385?
315
Calculate the remainder when 874998 is divided by 109261.
910
What is the remainder when 195012 is divided by 3658?
1138
What is the remainder when 7140340 is divided by 1774?
1764
What is the remainder when 810921 is divided by 3084?
2913
Calculate the remainder when 214011 is divided by 766.
297
Calculate the remainder when 936963 is divided by 876.
519
What is the remainder when 507033 is divided by 5569?
254
Calculate the remainder when 2974918 is divided by 283.
22
Calculate the remainder when 15791944 is divided by 673.
672
Calculate the remainder when 11137275 is divided by 1943.
1942
What is the remainder when 225187 is divided by 92?
63
What is the remainder when 2020467 is divided by 74?
45
Calculate the remainder when 927763 is divided by 3787.
3735
Calculate the remainder when 41665033 is divided by 18444.
37
What is the remainder when 9113 is divided by 3571?
1971
Calculate the remainder when 5716742 is divided by 1531.
1519
What is the remainder when 74289 is divided by 7?
5
What is the remainder when 68269 is divided by 781?
322
What is the remainder when 163693 is divided by 77?
68
Calculate the remainder when 19844043 is divided by 742.
737
What is the remainder when 13385687 is divided by 6692837?
13
What is the remainder when 23087739 is divided by 3333?
48
Calculate the remainder when 5750214 is divided by 2875095.
24
What is the remainder when 3402309 is divided by 4785?
174
What is the remainder when 308785230 is divided by 2252?
2250
Calculate the remainder when 344953513 is divided by 5799.
5797
What is the remainder when 42267 is divided by 3098?
1993
Calculate the remainder when 500354 is divided by 20.
14
Calculate the remainder when 37701 is divided by 18793.
115
What is the remainder when 186166252 is divided by 1444?
1440
Calculate the remainder when 2787589 is divided by 412.
409
What is the remainder when 910963 is divided by 454976?
1011
What is the remainder when 1506242 is divided by 96?
2
Calculate the remainder when 860447 is divided by 2494.
17
Calculate the remainder when 114369 is divided by 114348.
21
Calculate the remainder when 7065739 is divided by 4603.
134
Calculate the remainder when 648401 is divided by 310.
191
What is the remainder when 1775446 is divided by 1246?
1142
Calculate the remainder when 552709 is divided by 670.
629
Calculate the remainder when 1400022 is divided by 199913.
631
What is the remainder when 43912 is divided by 21620?
672
Calculate the remainder when 163196 is divided by 1372.
1300
What is the remainder when 792912 is divided by 53?
32
What is the remainder when 2946812 is divided by 690?
512
What is the remainder when 103238840 is divided by 59?
50
Calculate the remainder when 35796 is divided by 589.
456
Calculate the remainder when 63523887 is divided by 282.
3
Calculate the remainder when 1544439 is divided by 21.
15
What is the remainder when 9169694 is divided by 742?
58
Calculate the remainder when 292219 is divided by 3798.
3571
What is the remainder when 4175430 is divided by 1578?
42
Calculate the remainder when 43811 is divided by 313.
304
What is the remainder when 1706554 is divided by 73?
33
Calculate the remainder when 4972606 is divided by 62.
20
What is the remainder when 8745740 is divided by 750?
740
Calculate the remainder when 271499758 is divided by 15.
13
What is the remainder when 15002072 is divided by 230801?
7
Calculate the remainder when 526086 is divided by 8914.
160
Calculate the remainder when 156656 is divided by 10365.
1181
What is the remainder when 8269 is divided by 1145?
254
What is the remainder when 1013131 is divided by 3867?
3844
What is the remainder when 2663397 is divided by 158?
149
Calculate the remainder when 407279 is divided by 1940.
1819
What is the remainder when 416363 is divided by 774?
725
Calculate the remainder when 587058 is divided by 116044.
6838
Calculate the remainder when 5218958 is divided by 17572.
74
What is the remainder when 64207246 is divided by 7762?
7744
Calculate the remainder when 306138 is divided by 3011.
2027
Calculate the remainder when 3694486 is divided by 706.
694
What is the remainder when 828367 is divided by 37?
11
Calculate the remainder when 3274670 is divided by 59.
52
Calculate the remainder when 555995 is divided by 13512.
2003
Calculate the remainder when 21165123 is divided by 142.
23
What is the remainder when 1929262 is divided by 160771?
10
Calculate the remainder when 14379673 is divided by 1480.
1473
Calculate the remainder when 58007301 is divided by 17167.
8
Calculate the remainder when 848632 is divided by 8708.
3956
What is the remainder when 79960 is divided by 18990?
4000
Calculate the remainder when 227418 is divided by 15158.
48
What is the remainder when 21957687 is divided by 3136808?
31
Calculate the remainder when 4577609 is divided by 120447.
623
What is the remainder when 8715 is divided by 8224?
491
Calculate the remainder when 799924 is divided by 12120.
4
What is the remainder when 14583 is divided by 1614?
57
What is the remainder when 2257859 is divided by 752614?
17
Calculate the remainder when 1414045 is divided by 17954.
13633
What is the remainder when 29564 is divided by 9824?
92
What is the remainder when 10314516 is divided by 5165?
11
Calculate the remainder when 19436117 is divided by 9304.
61
Calculate the remainder when 23484 is divided by 5794.
308
What is the remainder when 27236 is divided by 8021?
3173
What is the remainder when 1259271 is divided by 419754?
9
Calculate the remainder when 838605 is divided by 72.
21
What is the remainder when 177433 is divided by 177406?
27
Calculate the remainder when 216765 is divided by 72249.
18
Calculate the remainder when 4516240 is divided by 150541.
10
What is the remainder when 3171798 is divided by 126841?
773
What is the remainder when 289252951 is divided by 2557?
2554
What is the remainder when 31719 is divided by 18?
3
Calculate the remainder when 236922 is divided by 45071.
11567
Calculate the remainder when 1828198 is divided by 39.
34
Calculate the remainder when 287740 is divided by 648.
28
What is the remainder when 3458187 is divided by 694?
679
Calculate the remainder when 4632466 is divided by 32623.
0
What is the remainder when 424853 is divided by 4834?
4295
Calculate the remainder when 108187730 is divided by 139.
138
What is the remainder when 2813194 is divided by 1184?
10
Calculate the remainder when 1721366 is divided by 19.
4
Calculate the remainder when 217662 is divided by 69.
36
What is the remainder when 1957565 is divided by 46595?
575
What is the remainder when 590190 is divided by 65572?
42
What is the remainder when 2518719 is divided by 1114?
1079
What is the remainder when 8436005 is divided by 884?
877
Calculate the remainder when 111624 is divided by 13682.
2168
What is the remainder when 270501 is divided by 158?
5
Calculate the remainder when 69944 is divided by 6984.
104
Calculate the remainder when 25197571 is divided by 1530.
1
Calculate the remainder when 728759 is divided by 9.
2
Calculate the remainder when 2762231 is divided by 2765.
2761
What is the remainder when 4132555 is divided by 133?
112
Calculate the remainder when 10871589 is divided by 572186.
55
What is the remainder when 315524 is divided by 2587?
2497
Calculate the remainder when 12041630 is divided by 2830.
2810
Calculate the remainder when 7726727 is divided by 1103818.
1
Calculate the remainder when 626945 is divided by 1251.
194
Calculate the remainder when 5799822 